- 11. Let w be n(-15). Let r(j) be the first derivative of -1/3*j**3 - 7/2*j**2 - 7*j + w. What is r(-5)?
3
Let y(o) be the second derivative of o**3/6 + o. Calculate y(2).
2
Let d(w) = -w + 8. Let c be 124/(-28) + (-12)/21. Let m = c + 10. Calculate d(m).
3
Let k(p) = -p. Let b(x) = -5*x - x + 4*x. Let c(r) = 4*b(r) - 7*k(r). Let l be ((-4)/(-5))/((-2)/5). Determine c(l).
2
Let g(z) = -z - 5. Let u(m) = m**3 + 3*m**2 - 4. Let j(w) = w**2 - 9*w + 5. Let p be j(8). Let k be u(p). Determine g(k).
-1
Let c be 1 + 2 + -2 - 3. Let h be 2/(-3)*3/c. Let n(f) = -8*f - 5*f + 6*f. Give n(h).
-7
Let h(v) be the second derivative of -6*v + 0 - 4*v**2 + 1/12*v**4 - 1/6*v**3. Determine h(0).
-8
Let l(u) = -u**3 - 7*u**2 + 4. Let j be l(-7). Suppose j*w - 2*b = w - 10, -4 = 4*w - 5*b. Let c(k) = k + 7. What is c(w)?
1
Let w(p) be the third derivative of p**5/30 + p**4/12 - p**3/6 + 11*p**2. What is w(-3)?
11
Let y be 1*6 + (-2)/1. Let d(n) be the first derivative of n**4/4 - 2*n**3 + 5*n**2/2 + 3*n - 27. Give d(y).
-9
Let s(t) = -t**2 + 4*t - 6. Let w = -11 + 1. Let u(x) = -x - 6. Let r be u(w). What is s(r)?
-6
Let r = 6 - 1. Suppose 3*t = -a + 2, r*t - 3 + 1 = -a. Let i(l) = 5*l**2 + 7*l - 9. Let h(g) = 11*g**2 + 15*g - 19. Let f(x) = -6*h(x) + 13*i(x). Give f(t).
-3
Let y = -49 - -42. Let l(i) = i**3 + 8*i**2 + 6*i + 5. Give l(y).
12
Let u(f) = -f**3 + 2*f - 5 + 4*f**2 + f + 3*f. Suppose -s + 4*s + 6 = 0, 2*s = 2*g - 24. Let r be g/1*4/8. Determine u(r).
0
Suppose 0 = -o - 4 + 8. Let s(l) = o*l**2 + 0*l**2 - 5*l**2 - 5*l**2. Determine s(1).
-6
Suppose 5*j - 23 = -4*u - 0*j, 0 = 4*u + 2*j - 14. Let z be ((-1)/u)/((-3)/24). Let c(m) = 2 - 8 - 2*m + 2 + m**2. Calculate c(z).
4
Let x(q) = q**3 - 5*q**2 - 2*q + 2. Let j = -9 - -12. Let l be (4*6)/3 - j. Calculate x(l).
-8
Let d(c) = 2*c**2 - c + 1. Let s(a) = a**2 - 8*a - 6. Let w be s(9). Calculate d(w).
16
Let v(p) = -7*p + 3. Let d(x) = 35*x - 16. Let g(j) = 2*d(j) + 11*v(j). Give g(-2).
15
Let w be 2/(-7) + (-120)/(-28). Let z(c) be the third derivative of 0 - 1/3*c**3 + 0*c + c**2 - 1/24*c**w. What is z(5)?
-7
Let g(q) = 7*q**2 - 1. Suppose 0 = -4*h + 3*k - 25, 4*h = 2*h - k - 5. Let a = h - -9. Suppose r - 4*r = 2*t + a, -r + 17 = -4*t. Calculate g(r).
6
Let l(d) = -2*d**2 - 4 + 3*d**2 - 51*d + 46*d. Give l(5).
-4
Suppose 5 - 32 = -3*p. Suppose -4*u + 12 = -i, -i + 4*i - 3*u = -p. Suppose i = -d + 5*n - 1, 0 = 4*d + 3*n + 6 - 2. Let c(s) = s**2 + s. What is c(d)?
0
Let p(r) = 3*r**2 + 2*r + 3. Let x(i) = 4*i**2 + i + 4. Let s(m) = 3*p(m) - 2*x(m). Calculate s(-4).
1
Let j(a) = -a - 2. Let h(g) = -9*g - 36. Let q(b) = -h(b) + 18*j(b). Calculate q(-1).
9
Let l(d) be the first derivative of 7*d**4/4 + d**2 + d + 6. Give l(-1).
-8
Let i(l) = l**2 + 7*l + 3. Let u be i(-7). Let r be 1/2*(3 + u). Let c(v) = -3 - v + r - 1. Calculate c(5).
-6
Suppose -9 - 3 = -4*w. Let u(k) = 2 - 5*k + 0*k + k. What is u(w)?
-10
Let w(f) = 9 + f + 5 + 2 - 4. Determine w(-6).
6
Let h(w) be the first derivative of -w**3/6 - 5*w**2/2 - 9*w + 7. Let x(f) be the first derivative of h(f). What is x(-5)?
0
Let r(m) = -7*m - 6. Let s(k) = 3*k + 3. Let c(y) = -2*r(y) - 5*s(y). Calculate c(7).
-10
Let c(p) be the first derivative of p**2 + 8*p - 6. Give c(-10).
-12
Let t(z) = -3*z + 3 + 5*z - 2. Suppose 3*j = -4 + 7. Determine t(j).
3
Let v(h) be the second derivative of -2*h**4/3 - h**2/2 + 2*h. Give v(1).
-9
Let b(d) be the first derivative of -d**6/360 + d**5/120 - d**4/24 - d**3 + 2. Let j(y) be the third derivative of b(y). Give j(0).
-1
Let g(u) = 7 + u**2 - 2*u + 2*u + 5*u - 4*u. Give g(0).
7
Let c(o) = -o**2 - 8*o + 18. Let d be c(-10). Let z(l) be the first derivative of 2*l**3/3 + l**2 + 2. Give z(d).
4
Let q(l) = -4*l - 2 - 9 + 9. Determine q(-2).
6
Let g(o) = 4*o. Let v = 1 + 3. Suppose -v = 3*a - 13. Suppose -d + 2 = a. Calculate g(d).
-4
Let w = -37 - -36. Let s(r) = -r - 3. Let y(o) = -4. Let n(i) = -5*s(i) + 4*y(i). Determine n(w).
-6
Let u(a) = -a**3 + 7*a**2 - 5*a + 6. Suppose -5*g + 0*g + 3*d + 147 = 0, 5 = 5*d. Suppose -t - g = -6*t. What is u(t)?
12
Let p(q) be the third derivative of -q**6/120 - q**5/20 - q**4/12 - q**3/6 + 74*q**2. Let f(r) = -r + 2. Let i be f(5). What is p(i)?
5
Let g(d) = -4*d + 1. Let t(b) = -1. Let s(z) = -g(z) + 4*t(z). Give s(4).
11
Suppose -h - 4*h + 40 = 0. Let r(v) = v**2 - 9*v + 12. What is r(h)?
4
Let x(f) be the third derivative of -f**6/120 - f**5/60 - 15*f**2. Calculate x(-1).
0
Suppose 5*k - 4 = 3*k. Let w(p) be the third derivative of -p**6/240 + p**5/60 - p**4/12 - 2*p**2. Let z(m) be the second derivative of w(m). Calculate z(k).
-4
Let j(d) = d**3 - 6*d**2 + 3*d + 4. Suppose 2 = 3*h - 1. Suppose 4*s - 6 = 5*w + 34, 0 = s + w - h. Give j(s).
-6
Let z(k) = k**2 + 3*k + 5. Let b(i) = -1. Let l(o) = -2*b(o) - z(o). Let x be (-2 - 3/(-3)) + -4. Calculate l(x).
-13
Let t(i) = 3*i**2 + 1. Let u be 3/(-3 + 4) - 2. Determine t(u).
4
Let h be ((-12)/(-10))/(0 + (-6)/20). Let a(r) = 2*r**2 + 5*r - 3. Calculate a(h).
9
Let t = 1 + -1. Suppose 0 = -4*w - 2*u + 6*u + 4, -3*w - 3*u - 21 = t. Let n(a) = a**2 + 2*a + 4. Give n(w).
7
Let k(i) be the first derivative of -i**3/3 - 9*i**2/2 - 7*i - 28. Suppose 4 = u + 10. Determine k(u).
11
Let q(t) = -t**3 + 2*t**2 - 2*t - 3. Let u be 7 + -5 + 1 - 0. Give q(u).
-18
Let r(c) = -c**2 + c - 1. Let a(f) = 4*f**2 - 10*f - 6. Let h(i) = -a(i) - 3*r(i). Determine h(8).
1
Let p = 2 + -3. Let z(u) = 6*u**3 - 2*u**2 - 1. Let n(x) = -x**2 - x - 1. Let v(f) = 2*n(f) - z(f). Calculate v(p).
7
Let n(v) = v**3 + 5*v**2 - 1. Suppose 3*l + 40 = -5*l. Determine n(l).
-1
Suppose 2*i - 5 = -3*p, p = 4*p + 5*i + 10. Let m(d) = -d + 7. Let n be m(p). Let a(z) = -2*z + 1. Give a(n).
-3
Let w(v) = -80*v + 261*v - 88*v + v**2 - 8 - 85*v. Calculate w(-8).
-8
Suppose -3*q = -5*i - 21, 4*q + 3*i = 7*i + 20. Suppose 0 = -3*n + 7*n + 3*x + 20, 0 = q*n - 4*x + 10. Let h(w) = -4 + 2*w - 3 - 8*w - w**2. Give h(n).
-2
Let k(y) = -y**2 - y + 1. Let d be k(0). Let h(f) = -8*f - 1. What is h(d)?
-9
Suppose 0 = 8*f - 5*f + h - 1, -3*f + 2*h = -7. Let c(d) = -4*d - 1. Let r(k) = 9*k + 3. Let s(x) = -5*c(x) - 2*r(x). Give s(f).
1
Let z(c) = 6*c - 1. Let a(r) = r**3 + 4*r**2 + 3*r + 1. Let h be a(-3). Determine z(h).
5
Let t(s) be the first derivative of -s**4/4 - 4*s**3/3 - s**2/2 + 2*s - 2. Let x be t(-4). Let b(i) = 0*i + 2*i**2 + x*i - i**2. Calculate b(-5).
-5
Let v = 107 + -105. Let q(y) = -2*y**3 + 3*y**2 - 3*y + 1. Determine q(v).
-9
Let s(g) = -g + g**3 + 6 - 3 - g - 4*g**2. Suppose p - 2 = 3*p. Let a = p + 3. Give s(a).
-9
Let u(n) = -3*n**3 - 4*n**2 - 6*n. Let i(x) = -4*x**3 - 3*x**2 - 7*x. Let g(j) = -2*i(j) + 3*u(j). Calculate g(-5).
-5
Suppose 2*r = 4*p - 6, -2*r - 5 = -2*p + 3. Let h(u) = -14*u - 12*u + 7 + 31*u + u**2. Give h(r).
7
Suppose -3*c - 12 = -c. Let r be 2/(c/(-9) + 0). Let y(n) = -n**2 + 4. Calculate y(r).
-5
Suppose 18 = -4*z + 50. Let l(f) = f**2 - 10*f + 9. Calculate l(z).
-7
Suppose -3 = 3*x - 15. Suppose 5*q - x = 21. Suppose -2*o + 12 = -q*o. Let u(j) = -j**3 - 5*j**2 - 5*j. Determine u(o).
4
Let p(x) = 5*x**2 - 4*x + 5. Suppose -9 = 6*s - 3. Let g(b) = b**2 + 1. Let j(o) = s*p(o) + 4*g(o). Calculate j(3).
2
Suppose 55*x = 50*x - 30. Let u(o) = 2*o**2 + 9*o + 1. Give u(x).
19
Suppose -21 = -2*p - 1. Suppose -i + 4 = r, -4*r = -3*i + p + 2. Suppose -5*b + 25 = r, -4 = 4*t - 5*b + 41. Let o(n) = n**2 + 5*n - 6. Calculate o(t).
-6
Let k = 103 + -106. Let y(j) = j - 4. Let u(n) = -3*n + 8. Let s(p) = -2*u(p) - 5*y(p). Give s(k).
1
Let x(p) = -p. Suppose 4*z = 21 - 5. Calculate x(z).
-4
Let c(t) = -6*t**2. Let y(f) = f + 6. Let j be y(-6). Suppose j = 2*d - 2. Suppose 2*g - d = 3*g. Calculate c(g).
-6
Let i(u) = 2*u**2 - 3*u - 2*u**3 + 3*u - u + 3*u**3. What is i(-3)?
-6
Let b(m) = -m**2 + 3*m + 4. Let g be b(-2). Let v(n) = -n**2 - 6*n + 7. What is v(g)?
7
Let h = 8 - 5. Let m(a) = -h*a**2 + 0*a - a + 3*a + 2*a - 3. Determine m(2).
-7
Let g(r) = -10*r**2 + 9*r**2 - 4 + 1. Calculate g(-4).
-19
Let v(z) = -z**2 + 9 + 3*z**2 - 3 - z**2. Give v(0).
6
Let a(n) = 12*n**2 + 2*n + 1. Let t be -5 + (-1 - -3) + -3. Let p = t - -8. Suppose p*m = -1 - 1. Give a(m).
11
Let b(a) = a**3 - 13*a**2 + 12*a + 5. Let h be b(12). Suppose 0 = -r + 3*o, -4*o + h*o = -r. Let f(s